- 9*f, 0 = 3*f - b - 417. Suppose 5*y - f = -2*z, y + 5*z - 3 = 2. What is the tens digit of y?
3
What is the tens digit of -22*(2/2)/(-2)?
1
Let v(m) = -m**3 - 21*m**2 + 8*m - 7. What is the hundreds digit of v(-22)?
3
Suppose 0 = -5*o + 10, 5*r - 3*o + 0*o = 579. What is the hundreds digit of r?
1
Let f = 150 + -59. What is the units digit of f?
1
Suppose -4*o + 236 = 4*f, -62 = o - 2*o - 4*f. What is the tens digit of o?
5
Suppose -4*q + 2*l = -2*q - 6, 4*l + 14 = 5*q. Suppose q*n = 3*n - 30. Suppose 0 = -3*g - 2*g + n. What is the units digit of g?
6
Let g(v) = -v**2 + v + 1. Let i be g(-1). Let y = 0 - i. Suppose -y = x - 2. What is the units digit of x?
1
Let m(g) = -6*g + 8. What is the units digit of m(-4)?
2
Suppose -28 = -4*z - 4*q, 1 - 6 = -q. What is the tens digit of (38 - 6) + z/2?
3
Let n(j) = -j**2 + 4*j. Let w be n(6). Let i = w + 22. What is the tens digit of i?
1
Let k be ((-2)/1)/(-2 + 1). Suppose i = -k*a + 15, -3*a - 2*a + 3*i + 54 = 0. What is the units digit of a?
9
Let o(x) = x**3 - x**2 - 4*x. Let k be o(3). Let v be (-4)/k*1*-21. Suppose 5*l - v - 31 = 0. What is the units digit of l?
9
Let o = 135 - 63. What is the tens digit of o?
7
Suppose -5*d = 4*o - 2*o - 231, -o = -d + 42. What is the units digit of d?
5
Let t(m) = 56*m - 4. What is the hundreds digit of t(4)?
2
Let n be 21/4 - 4/16. Suppose -3*g = -r + 2*g - 6, 0 = g - 2. Suppose 4*c - 19 = n*m, 0 = -5*c - r*m - 3 - 4. What is the units digit of c?
1
Let i(u) = -2*u**3 - 2*u**2 - 3*u. Let d be i(-3). Suppose -v - 6*k + 3 = -2*k, 5*k = 2*v - d. What is the tens digit of v?
1
Suppose -4*y - 5*r + 30 = 0, -4*r - 2 - 5 = -3*y. Suppose -4*g = -g - 3, y*u - 101 = 4*g. What is the tens digit of u?
2
Let l be (0 - -2) + -5 + 4. Let m(x) = 9*x + 1. What is the tens digit of m(l)?
1
Let z(u) = -2*u**2 - 7*u - 4. Suppose -4*m = 25 - 9. Let v be z(m). What is the units digit of (-1)/4 + (-10)/v?
1
Suppose 5*t - 1026 = -16. Suppose 58 = -4*i + t. What is the tens digit of i?
3
Suppose -4*b - 164 = -8*b. What is the tens digit of b?
4
Let i = 47 - 10. What is the units digit of i?
7
Suppose 3*t - 13 = s, s + 10 = 5*t - 11. Suppose -g - 5*j + t*j = -25, 0 = -2*g + 2*j + 30. What is the units digit of g?
0
Suppose -5*u = -2*f - f + 79, u + 62 = 2*f. What is the units digit of f?
3
What is the tens digit of (-708)/(-16) - (-6)/(-24)?
4
Suppose -11*l = -15*l + 88. What is the tens digit of l?
2
Let k be (-9)/(-6)*4/3. Suppose -3*p + 0*p + 1 = c, -4*c - 3*p + 4 = 0. What is the units digit of c - (k/2 + -1)?
1
Let z(b) = -b**3 - 3 + 3*b**2 - b + 9 + 5*b**2. Let t be z(8). What is the units digit of (-7)/2*t/1?
7
Let i = -51 - -332. What is the units digit of i?
1
Let h be (-9)/(-6) - (-21)/6. Suppose -h = -w - 4*w. What is the units digit of w?
1
Let y(a) = -a + 14. Let g be y(-10). Let s = 18 + g. What is the tens digit of s?
4
Let d(l) = 2*l**3 - l**2 + 1. Let t be d(1). Suppose -3*h = t*b - 39, -5*b - 14 = -3*h + 25. What is the tens digit of h?
1
Let x(h) = h**3 + 5*h**2 - 5*h + 2. Let m be x(-6). Let w = m + 6. Let c = w + 0. What is the units digit of c?
2
Let l(u) = 13*u - 7. Let h be l(-3). Let c = -24 - h. What is the tens digit of c?
2
Suppose -12*x + 3*x + 117 = 0. What is the tens digit of x?
1
Suppose 0 = -5*m, 2*m + 3 + 0 = 3*r. Let x = 1 + r. Suppose 0 = -x*g - 1 + 37. What is the tens digit of g?
1
Let r = -8 + 10. Let j(k) = 1 + k + 2*k - k**2 + r*k**2 - 4. What is the units digit of j(-5)?
7
Let r = -101 + 175. What is the tens digit of -4*4/((-32)/r)?
3
Let z = 3 - 1. Let q be 1/(-1*z/(-10)). Suppose 2*j + 17 = 3*s, -3*s + q*j = -6 - 5. What is the units digit of s?
7
Let b(t) = -2 + 5*t + 0*t + t - 2*t. What is the units digit of b(2)?
6
Let q = -227 + 349. What is the hundreds digit of q?
1
Suppose -f - 4 = -6. Let i be ((2 - 4) + f)/1. Suppose i = q - 3 - 6. What is the units digit of q?
9
Suppose -3*d - 21 = 5*b - 4*d, -4*b = -4*d + 4. Let s be b/(-15) + 22/6. Suppose 0 = s*m - j - 10, 0*m + 2*j = 4*m - 8. What is the units digit of m?
3
Let r be (2 - 0)*(-18)/(-12). Suppose 0 = s + r - 6. What is the units digit of s?
3
Let y = 5 + -10. Let g(b) = 2*b**2 - b - 7. What is the tens digit of g(y)?
4
Let v(u) = -u + 4. Let f be v(4). Suppose 5*j - 13 = -x, -4*x + 5*j = -f + 23. What is the units digit of x/(-5) + (-465)/(-25)?
9
Let b(u) = -u**2 - 4*u + 7. Let w be b(-6). What is the tens digit of (2/(-5))/(w/200)?
1
Let y = 6 - 3. Let h = y - 0. Suppose 2*g - 1 = h. What is the units digit of g?
2
Suppose 4*n - n + 5*d - 315 = 0, 3*d = 3*n - 315. What is the units digit of n?
5
Let d(j) = -j**3 + 2*j**2 + 4*j - 2. Let u be d(3). Let z = u + 4. Suppose 4*b + 26 = -0*h + z*h, -3*b - 15 = -3*h. What is the units digit of h?
6
Let l(o) = -3*o**2 - 13*o - 4. Let f(w) = 4*w**2 + 14*w + 3. Let u(c) = 4*f(c) + 5*l(c). What is the units digit of u(11)?
4
Suppose 3*w + w = 120. Let q = -65 + w. What is the units digit of (-2)/(-7) - 95/q?
3
Suppose -5*j + 2 = -8. Suppose 0 = -j*p + 4*p - 24. What is the tens digit of p?
1
Let h = 144 + -86. What is the tens digit of h?
5
Suppose -2*d + 75 = -m, 5*d - m - 4*m - 190 = 0. Let f = d + -17. What is the units digit of ((-72)/(-30))/(3/f)?
6
Let f(m) = -m + 1. Let j(i) = i**3 - 9*i**2 - i + 2. Let g be j(9). What is the units digit of f(g)?
8
Suppose 4*l + 5 - 57 = 0. Let k be (9/(-3) + l)*-1. What is the tens digit of (-2)/k - 448/(-35)?
1
Let o = 78 - 33. What is the units digit of o?
5
Let f be -1*5*-1 + 1. Let y = f + -7. Let v = y - -5. What is the units digit of v?
4
Suppose -2*w + 6 = 2. Suppose -s + 4 + w = 0. Suppose 2*q - s = -q. What is the units digit of q?
2
Suppose 0 = -2*f + 8, -2*x + 9*f - 12*f + 540 = 0. What is the tens digit of x?
6
Suppose 3*x - 2 = 142. Suppose -9*a + x = -7*a. What is the tens digit of a?
2
Let p(n) = 59*n + 7. What is the hundreds digit of p(4)?
2
Let a(o) = 3*o**2 + 13*o + 25. What is the units digit of a(-6)?
5
Suppose 5*p - 84 = -2*d, -3*p = -2*d + d - 46. Suppose 0 = -2*q - 0*q + p. Suppose -5*n + q = -h - 3, 4*n - h = 9. What is the units digit of n?
2
Suppose 22 = 4*d + 5*f, -2 - 16 = -3*d - 3*f. Let t be (2 - 1)*(7 - d). What is the units digit of -1 - t - (0 + -2)?
2
Suppose -7 = 3*h + 17. Let g = h + 18. Suppose -6*z + g = -5*z. What is the tens digit of z?
1
Let z be (4 + -1)*(-4 - -3). Let n = z + 7. Suppose -b + 3 = -n*g, 4*b - 6*g + 3*g = 25. What is the units digit of b?
7
What is the tens digit of ((-174)/5)/((10/25)/(-1))?
8
Let p(a) be the second derivative of -a**4/12 + 4*a**3/3 + 5*a**2 - 4*a. What is the units digit of p(7)?
7
Suppose 5 = 5*i - 45. Suppose 3*x - 5*c = -6*c + 23, -2*c + i = 0. What is the units digit of (-15)/x*(-52)/10?
3
Let m(o) = -o + 2. What is the units digit of m(-5)?
7
Let h be 243/21 + (-9)/(-21). Suppose 87 = 5*g + h. What is the tens digit of g?
1
Let j = -8 - -4. Let t = 46 + j. Suppose -2*k + 5*k = t. What is the units digit of k?
4
Let x(l) = l**3 - l**2 + 2*l - 4. Let y be x(3). Suppose n - y = -3*n. Suppose t + 2 = -u, 12 = t - n*u - 4. What is the units digit of t?
1
Suppose q - 140 = -2*d, 2*q + 132 = 2*d + 5*q. What is the tens digit of d?
7
Suppose 3*w - 2*w - 19 = 0. What is the units digit of w - (-1 + -1 + 3)?
8
Let h = 26 + 10. What is the tens digit of h?
3
Suppose 5*z - 383 + 18 = 0. What is the tens digit of z?
7
Let m = -146 - -6. Let n = -45 - m. Suppose j + n = 6*j. What is the tens digit of j?
1
Let b be (0 + 1)*(-174)/(-2). Suppose -2*s - 5*h = -s - 39, -5*s = -2*h - b. What is the tens digit of s?
1
Let f = 9 - 2. Suppose -n = -0*n - f. Let q = -3 + n. What is the units digit of q?
4
What is the hundreds digit of (-8195)/(-33) + (-1 - 1/3)?
2
Suppose 5*j + l - 1296 = 0, -7*j + 2*j + 1280 = 5*l. What is the hundreds digit of j?
2
Let d = -1 + 4. What is the units digit of d?
3
Let s = -26 - -14. Let h(x) = -x**3 - 12*x**2 - 2*x - 6. What is the units digit of h(s)?
8
Suppose s = -2 + 4. Let v be s/7 + (-182)/(-49). Suppose -2*i + v = -i. What is the units digit of i?
4
Let d(p) = p - 3*p - 8 + 4*p. What is the units digit of d(9)?
0
Let x = 112 + -71. Suppose n - x = 4*w, -3*n = n + w - 147. What is the tens digit of n?
3
Suppose -2*o + 5*d = -147, -189 = 2*o - 5*o - 3*d. What is the units digit of o?
6
Suppose -